-- 用电检查 APP 开发样例数据
-- 数据版本：v0.5
-- 适用结构：用电检查APP开发样例库-v0.5.sql
-- 适用项目：用电安全检查移动作业研发-唐山-2026年
--
-- 当前范围：
--   1. 20户唐山地区合成用户档案；
--   2. 客户提供的37条通用检查项；
--   3. v0.4 已有的96条重点用户差异化检查项；
--   4. 2张已完成工单、88条检查结果和17条附件记录。
--
-- 本文件中的用户、人员和现场结果均为开发演示用合成数据，不是真实客户资料。
-- 本文件只准备数据，不生成 SQLite。
--
-- 数据处理说明：
--   1. v0.4 中16条通用演示项不再迁移。
--   2. 客户通用检查项编号按“GC-大类号-项号”编制。
--   3. 客户通用检查项均为选检，IS_REQUIRED 固定为0。
--   4. “5.1 铭牌”使用铭牌 OCR 表单；OCR 只保存识别文本，不自动比对档案。
--   5. “3.1 温度”“5.4 温度”使用红外测温表单，保存热点温度和红外热像图；
--      红外热点温度作为现场辅助信息，不自动代替油温表或绕组温控器读数判定结果。
--   6. 重点用户差异化检查项保留原编号、行业、表单类型、必检规则和排序。
--   7. 两张完成工单均填写全部37条客户通用检查项，并按重要等级和行业增加差异化检查项。
--   8. 第一张工单设置1项客户通用隐患，用于验证整改措施和整改时限随结果保存。

PRAGMA foreign_keys = ON;

BEGIN TRANSACTION;

-- ============================================================
-- 1. 客户通用检查项，共37条
-- 来源：需求设计/检查项资料/客户通用检查项-图片提炼.xlsx
-- ============================================================
INSERT INTO CHECK_ITEMS
    (CHECK_ITEM_NO, ITEM_TYPE_CODE, TRADE_CODE,
     CATEGORY_CODE, CATEGORY_NAME,
     CHECK_CONTENT, JUDGMENT_CRITERIA,
     DEFAULT_RECTIFICATION_MEASURE, DEFAULT_RECTIFICATION_TIME_LIMIT,
     FORM_TYPE_CODE, IS_REQUIRED, SORT_NO)
VALUES
    ('GC-01-01','01',NULL,'01','外部环境','1.1 杂物','配电室门口及通道堆放易燃易爆物品或杂物，影响紧急疏散和设备进出。','立即清除所有易燃易爆物品及无用杂物，保持通道畅通。','立即 / 24小时内','01',0,10),
    ('GC-01-02','01',NULL,'01','外部环境','1.2 防汛沙袋','未配置防汛沙袋，或沙袋数量不足、破损、失效。','按配电室门口尺寸及历史最高水位，配置并完好有效的防汛沙袋。','3日内','01',0,20),
    ('GC-01-03','01',NULL,'01','外部环境','1.3 屋内无渗水','屋顶、窗户、通风口、门缝等位置存在渗漏水痕迹。','查找渗漏点，修补防水层，封堵缝隙，确保室内干燥。','7日内','01',0,30),
    ('GC-01-04','01',NULL,'01','外部环境','1.4 安全标识','缺少“止步，高压危险”“当心触电”“禁止烟火”等必要安全警示标识。','按规定补齐、更换清晰、醒目的安全警示标识。','3日内','01',0,40),
    ('GC-02-01','01',NULL,'02','内部环境','2.1 灭火器','灭火器压力表指针不在绿区、封签损坏、超期未检。','立即更换或重新充装、检验灭火器，确保压力正常、附件完好。','立即 / 24小时内','01',0,50),
    ('GC-02-02','01',NULL,'02','内部环境','2.2 防鼠挡板','未安装防鼠挡板，或挡板高度不足（应≥40cm）、材质不坚固。','在各出入口安装高度不低于40cm、材质坚固的防鼠挡板。','3日内','01',0,60),
    ('GC-02-03','01',NULL,'02','内部环境','2.3 绝缘地垫','地垫存在裂纹、气泡、破损、老化或脏污，厚度不足6mm；超期未做耐压试验。','更换不合格地垫，补做耐压试验并获取合格报告。','7日内（试验可预约）','01',0,70),
    ('GC-02-04','01',NULL,'02','内部环境','2.4 通风、照明','通风机故障、照明灯具损坏或亮度不足。','修复或更换故障设备，确保通风良好、照度满足操作要求。','3日内','01',0,80),
    ('GC-02-05','01',NULL,'02','内部环境','2.5 上墙制度','制度缺失、陈旧、被遮挡，或与实际运行方式不符。','更新、补齐并规范悬挂“运行岗位责任制”等五项核心制度。','7日内','01',0,90),
    ('GC-02-06','01',NULL,'02','内部环境','2.6 一次主接线图','图纸与现场实际设备编号、开关分合状态不一致。','立即核对现场，修改图纸或重新制作，确保图实完全相符。','立即 / 24小时内','01',0,100),
    ('GC-03-01','01',NULL,'03','油变压器','3.1 温度','变压器上层油温超过85℃（或厂家规定值）。','检查散热风机、负荷情况，若持续超温需申请停电检查处理。','立即调整 / 24小时监测','05',0,110),
    ('GC-03-02','01',NULL,'03','油变压器','3.2 呼吸硅胶','呼吸器内硅胶颜色由蓝变为粉红或白色（吸湿饱和失效）。','更换新的蓝色硅胶。','3日内','01',0,120),
    ('GC-03-03','01',NULL,'03','油变压器','3.3 接地装置','外壳、铁芯接地引下线有断股、锈蚀或连接松动。','修复或更换接地引下线，紧固连接螺栓，测量接地电阻合格。','7日内','01',0,130),
    ('GC-04-01','01',NULL,'04','开关柜','4.1 柜体标识','柜前柜后缺少或模糊不清的双重名称（柜名+柜号）；进线柜未标注上级电源。','按要求制作并粘贴清晰、规范的标识。','3日内','01',0,140),
    ('GC-04-02','01',NULL,'04','开关柜','4.2 面板指示灯','分合闸、储能、手车位置等指示灯显示与设备实际状态不一致。','立即停止操作，查明原因，更换故障指示灯或维修控制回路。','立即 / 24小时内','01',0,150),
    ('GC-04-03','01',NULL,'04','开关柜','4.3 五防闭锁','无法通过外观判断闭锁有效性，如机械锁具损坏、程序锁钥匙乱放。','逐项测试“五防”功能，修复损坏的锁具，规范钥匙管理。','7日内','01',0,160),
    ('GC-04-04','01',NULL,'04','开关柜','4.4 密封防潮','防火封堵破损，柜门关闭不严，有明显缝隙。','使用防火泥重新封堵孔洞，调整或更换柜门密封条。','3日内','01',0,170),
    ('GC-04-05','01',NULL,'04','开关柜','4.5 柜内可视部分','套管有油污、裂纹、锈蚀；触头有发热变色（需用测温枪确认）；导线有烧伤断股。','停电清扫、检查，对发热点进行处理或更换损坏部件。','视严重程度，立即或7日内','01',0,180),
    ('GC-04-06','01',NULL,'04','开关柜','4.6 避雷器','外观有明显裂纹。','立即申请停电，更换同型号、同参数合格的避雷器。','立即 / 24小时内','01',0,190),
    ('GC-04-07','01',NULL,'04','开关柜','4.7 计量柜','计量封印缺失或损坏；电压偏差超出额定值的±7%。','联系供电部门重新加封；检查电压互感器及二次回路，调整电压至合格范围。','7日内','01',0,200),
    ('GC-05-01','01',NULL,'05','干变','5.1 铭牌','现场设备铭牌参数与档案记录不一致。','核实并更新档案资料，确保铭牌与档案完全对应。','7日内','04',0,210),
    ('GC-05-02','01',NULL,'05','干变','5.2 负载率','（现场可估算）可通过电流表读数与额定电流比值粗略计算。','若长期超载运行，需制定减载或增容方案。','长期监测、制定方案','01',0,220),
    ('GC-05-03','01',NULL,'05','干变','5.3 散热/门禁','风机故障、滤网堵塞；柜门未上锁。','清理滤网、修复风机；加装或修复门锁，严格出入管理。','3日内','01',0,230),
    ('GC-05-04','01',NULL,'05','干变','5.4 温度','绕组温度超过90℃或低于75℃异常。','检查风机、负载，异常升温需立即排查原因。','立即','05',0,240),
    ('GC-06-01','01',NULL,'06','直流系统','6.1 绝缘监视','绝缘监察装置报警或显示绝缘降低。','查找并排除直流接地故障。','立即 / 24小时内','01',0,250),
    ('GC-06-02','01',NULL,'06','直流系统','6.2 信号灯','充电模块、母线电压等指示灯异常。','检查充电模块、蓄电池组状态，更换故障指示灯。','3日内','01',0,260),
    ('GC-06-03','01',NULL,'06','直流系统','6.3 蓄电池','电池壳体有鼓包、漏液、爬碱现象。','立即更换整组或故障单体电池，做好防酸处理。','立即 / 24小时内','01',0,270),
    ('GC-07-01','01',NULL,'07','无功补偿柜','7.1 容量配置','补偿容量不足或过大，导致功率因数不达标。','核算补偿容量，调整电容器分组或增补。','7日内','01',0,280),
    ('GC-07-02','01',NULL,'07','无功补偿柜','7.2 投切装置','自动投切功能失灵，出现过补偿或欠补偿。','维修或更换控制器、接触器，恢复自动投切功能。','7日内','01',0,290),
    ('GC-07-03','01',NULL,'07','无功补偿柜','7.3 本体外观','电容器外壳鼓包、漏液、变形或有放电异响。','立即停电，更换故障电容器。','立即 / 24小时内','01',0,300),
    ('GC-07-04','01',NULL,'07','无功补偿柜','7.4 接地','接地电阻不符合要求（共用接地1Ω，独立接地4Ω）。','增加接地极或改善土壤导电性，直至接地电阻合格。','7日内','01',0,310),
    ('GC-08-01','01',NULL,'08','安全工器具','8.1 存放','工器具未分类定置存放，绝缘杆靠墙放，绝缘靴/手套混放。','按标准配置专用货架、挂钩、收纳盒，规范存放。','3日内','01',0,320),
    ('GC-08-02','01',NULL,'08','安全工器具','8.2-8.4 各器具','绝缘靴/手套破损、老化、超期未试验；验电器报警失灵；接地线断股、万用表无检定标签。','报废不合格品，送检到期器具，补齐缺失的合格证件。','立即停用 / 7日内送检','01',0,330),
    ('GC-09-01','01',NULL,'09','资质与台账','9.1 人员资质','现场操作电工未持有有效特种作业操作证（高压/低压）。','安排持证人员上岗，或组织无证人员立即报名培训考试。','立即停止无证作业','01',0,340),
    ('GC-09-02','01',NULL,'09','资质与台账','9.2 必备规程','缺少《配电室运行规程》、《电力安全工作规程》等制度文件。','购买或印刷最新版规程，存档并组织学习。','7日内','01',0,350),
    ('GC-09-03','01',NULL,'09','资质与台账','9.3 归档资料','竣工图、试验报告、应急预案等档案不全或过期。','补齐所有必备档案，建立定期更新机制。','30日内','01',0,360),
    ('GC-09-04','01',NULL,'09','资质与台账','9.4 自备发电机','未备案；无倒馈装置（核心风险！）；接地不良；无试运行记录。','立即向供电公司报备；加装可靠的双电源切换闭锁装置；完善接地；建立定期试运行及保养记录。','立即 / 30日内','01',0,370);

-- ============================================================
-- 2. 重点用户差异化检查项，共96条
-- 来源：v0.4 已有数据及需求设计/检查项资料/重点用户差异化检查方案.xlsx
-- ============================================================
INSERT INTO CHECK_ITEMS
    (CHECK_ITEM_NO, ITEM_TYPE_CODE, TRADE_CODE,
     CATEGORY_CODE, CATEGORY_NAME,
     CHECK_CONTENT, JUDGMENT_CRITERIA,
     DEFAULT_RECTIFICATION_MEASURE, DEFAULT_RECTIFICATION_TIME_LIMIT,
     FORM_TYPE_CODE, IS_REQUIRED, SORT_NO)
VALUES
    ('MK-01','02','01',NULL,NULL,'应配置双路外电源和自备应急电源',NULL,NULL,NULL,'01',1,1010),
    ('MK-02','02','01',NULL,NULL,'双电源专线无树障、线缆无发热',NULL,NULL,NULL,'01',1,1020),
    ('MK-03','02','01',NULL,NULL,'运煤车辆交通繁忙区铁塔应有防撞警示和防护措施',NULL,NULL,NULL,'01',1,1030),
    ('MK-04','02','01',NULL,NULL,'双路外电源应具备自动投切功能或可快速进行切换',NULL,NULL,NULL,'01',1,1040),
    ('MK-05','02','01',NULL,NULL,'各矿井自备应急电源满足通风、排水、人员提升、生产监测等保安负荷需求，开展启机试验和切换试验，在失去外电源时具备井下人员安全撤离能力',NULL,NULL,NULL,'01',1,1050),
    ('MK-06','02','01',NULL,NULL,'变配电主要设备是否老旧，应定期开展预防性试验',NULL,NULL,NULL,'01',1,1060),
    ('MK-07','02','01',NULL,NULL,'生产区配电房落实定期除尘、防小动物措施情况',NULL,NULL,NULL,'01',1,1070),
    ('MK-08','02','01',NULL,NULL,'采矿证',NULL,NULL,NULL,'02',1,1080),
    ('HG-01','02','02',NULL,NULL,'应配置双路外电源和自备应急电源',NULL,NULL,NULL,'01',1,2010),
    ('HG-02','02','02',NULL,NULL,'企业内一级负荷中的特别重要负荷，应分别设置应急电源',NULL,NULL,NULL,'01',1,2020),
    ('HG-03','02','02',NULL,NULL,'化工企业特别重要负荷应具备非电保安措施',NULL,NULL,NULL,'01',1,2030),
    ('HG-04','02','02',NULL,NULL,'消防水泵房及其配电室应设消防应急照明，照明可采用蓄电池做备用电源',NULL,NULL,NULL,'01',1,2040),
    ('HG-05','02','02',NULL,NULL,'变电所、配电室不宜设在蓄水装置下或多水场所。',NULL,NULL,NULL,'01',1,2050),
    ('HG-06','02','02',NULL,NULL,'危险化学品安全生产许可证',NULL,NULL,NULL,'02',1,2060),
    ('YJ-01','02','03',NULL,NULL,'应配置双路外电源和自备应急电源',NULL,NULL,NULL,'01',1,3010),
    ('YJ-02','02','03',NULL,NULL,'钢铁企业自动化控制系统、重要检测仪表、IP通信系统的交换机和电话机的应急电源应采用不间断电源（UPS）',NULL,NULL,NULL,'01',1,3020),
    ('YJ-03','02','03',NULL,NULL,'钢铁企业煤气储存和输配系统应采用独立链路双电源供电，每路电源均应能承担100%设计负荷，并应能自动切换',NULL,NULL,NULL,'01',1,3030),
    ('YJ-04','02','03',NULL,NULL,'计算机系统应配置UPS电源，当断电后UPS电源持续供电时间不宜小于30min',NULL,NULL,NULL,'01',1,3040),
    ('YJ-05','02','03',NULL,NULL,'冶金石灰焙烧工程窑体或窑炉部件突然停电会造成损坏的设备，应设置应急电源装置，其容量应满足设备起动和正常运行要求',NULL,NULL,NULL,'01',1,3050),
    ('YJ-06','02','03',NULL,NULL,'金属冶炼控制系统应配备不间断电源，重要的检测设备、仪表也宜配备不间断电源',NULL,NULL,NULL,'01',1,3060),
    ('DZ-01','02','05',NULL,NULL,'应配置双路外电源和自备应急电源',NULL,NULL,NULL,'01',1,4010),
    ('DZ-02','02','05',NULL,NULL,'电路基板生产等对供电连续性有特殊要求的设备应设置双路电源和自备应急电源',NULL,NULL,NULL,'01',1,4020),
    ('DZ-03','02','05',NULL,NULL,'对电压暂降等电能质量有特殊要求时，应配置稳压设备或不间断电源（UPS）等提高电能质量的设备',NULL,NULL,NULL,'01',1,4030),
    ('DZ-04','02','05',NULL,NULL,'硅集成电路芯片厂生产厂房工艺排风系统应设置备用排风机，并应设置不间断电源（UPS）',NULL,NULL,NULL,'01',1,4040),
    ('JG-01','02','06',NULL,NULL,'应配置双路外电源和自备应急电源',NULL,NULL,NULL,'01',1,5010),
    ('JG-02','02','06',NULL,NULL,'重要党政机关中会议、通讯系统等重要负荷应配置双路电源和自备应急电源',NULL,NULL,NULL,'01',1,5020),
    ('JG-03','02','06',NULL,NULL,'办公用电应退出欠压脱扣装置',NULL,NULL,NULL,'01',1,5030),
    ('JG-04','02','06',NULL,NULL,'大中型城市消防通信指挥中心应设置应急电源',NULL,NULL,NULL,'01',1,5040),
    ('JG-05','02','06',NULL,NULL,'配电房应加强设备运行维护和安全防护，采取防水淹措施',NULL,NULL,NULL,'01',1,5050),
    ('GS-01','02','07',NULL,NULL,'应配置双路电源，相关控制系统均配置不间断电源',NULL,NULL,NULL,'01',1,6010),
    ('GS-02','02','07',NULL,NULL,'在汛期来临前，泵机设备等应进行启机试验。',NULL,NULL,NULL,'01',1,6020),
    ('GR-01','02','08',NULL,NULL,'为重要政治场所供热的热力站或大型中继泵站等较为重要的厂站应由双电源供电',NULL,NULL,NULL,'01',1,7010),
    ('GR-02','02','08',NULL,NULL,'相关控制系统均配置不间断电源',NULL,NULL,NULL,'01',1,7020),
    ('GQ-01','02','09',NULL,NULL,'天然气液化工厂、天然气净化厂，压缩天然气加气站、压缩天然气配储站，液化石油气储存站、储配站、灌装站、气化站、混气站，液化天然气气化站、城镇燃气输配系统中的门站、储配站宜由双电源供电',NULL,NULL,NULL,'01',1,8010),
    ('GQ-02','02','09',NULL,NULL,'天然气净化厂监控及数据采集系统的主站机房、仪表与自动控制、通信负荷应设不间断电源。处理能力大于500×104m³/d的天然气净化厂宜配置自备应急电源',NULL,NULL,NULL,'01',1,8020),
    ('GQ-03','02','09',NULL,NULL,'压缩天然气供应站的自控系统、城镇燃气自动化系统中心站、本地站应配置不间断电源',NULL,NULL,NULL,'01',1,8030),
    ('GQ-04','02','09',NULL,NULL,'城镇燃气输配系统中监控及数据采集系统的主站机房应配置不间断电源',NULL,NULL,NULL,'01',1,8040),
    ('GQ-05','02','09',NULL,NULL,'相关控制系统均配置不间断电源',NULL,NULL,NULL,'01',1,8050),
    ('GQ-06','02','09',NULL,NULL,'应落实非电保安措施，失去外电源时能确保供气安全',NULL,NULL,NULL,'01',1,8060),
    ('YL-01','02','10',NULL,NULL,'三级、二级医院、综合医院、儿童医院应由双电源供电',NULL,NULL,NULL,'01',1,9010),
    ('YL-02','02','10',NULL,NULL,'三级、二级医院抢救室、血液病房的净化室、产房、烧伤病房、重症监护室、早产儿室、血液透析室、手术室、术前准备室、术后复苏室、麻醉室、心血管造影检查室等场所中涉及生命安全的设备及其照明用电，以及大型生化仪器、医疗场所负压通风及控制系统，要求中断供电时间小于等于0.5s，应设不间断电源',NULL,NULL,NULL,'01',1,9020),
    ('YL-03','02','10',NULL,NULL,'三级医院应设置应急柴油发电机组，柴油发电机组应具备在15s内向规定负荷供电的自启动能力。',NULL,NULL,NULL,'01',1,9030),
    ('YL-04','02','10',NULL,NULL,'综合医院应配备应急电源，保证不间断供电',NULL,NULL,NULL,'01',1,9040),
    ('YL-05','02','10',NULL,NULL,'应落实非电保安措施，失去外电源时应能保障病人人身安全和大型医疗设备安全',NULL,NULL,NULL,'01',1,9050),
    ('YL-06','02','10',NULL,NULL,'应具备应急发电车接口，以便提供电力支援。',NULL,NULL,NULL,'01',1,9060),
    ('XX-01','02','11',NULL,NULL,'高等教育学校宜由双电源供电',NULL,NULL,NULL,'01',1,10010),
    ('XX-02','02','11',NULL,NULL,'学生宿舍楼应按照学生入住人数、学生用电电器变化、空调安装等情况及时进行增容改造，严防过负荷跳闸',NULL,NULL,NULL,'01',1,10020),
    ('XX-03','02','11',NULL,NULL,'学校应加强学生宿舍用电管理，严禁私拉乱接线路，严禁使用大功率电器设备',NULL,NULL,NULL,'01',1,10030),
    ('XX-04','02','11',NULL,NULL,'学校应配足电工力量，与电气抢修单位密切联系，提升抢修复电能力',NULL,NULL,NULL,'01',1,10040),
    ('XX-05','02','11',NULL,NULL,'应建立停电事件应急机制，故障停电或计划检修时应及时对学生进行解释安抚，避免群体事件或网络发帖',NULL,NULL,NULL,'01',1,10050),
    ('XX-06','02','11',NULL,NULL,'具有三级、四级生物安全实验室、对供电连续性要求很高的国家重点实验室、特大型会堂、藏书100万册以上图书馆的教育建筑应由双电源供电',NULL,NULL,NULL,'01',1,10060),
    ('XX-07','02','11',NULL,NULL,'四级生物安全实验室、对供电连续性要求很高的国家重点实验室应配置自备应急电源',NULL,NULL,NULL,'01',1,10070),
    ('XX-08','02','11',NULL,NULL,'承担中高考考场任务的学校应配置双路电源或自备柴油发电机，听力考试设备应配置UPS不间断电源',NULL,NULL,NULL,'01',1,10080),
    ('JC-01','02','12',NULL,NULL,'应配置双路外电源和自备柴油发电机',NULL,NULL,NULL,'01',1,11010),
    ('JC-02','02','12',NULL,NULL,'与航班安全相关的不允许中断供电的设施以及允许中断供电时间为毫秒级的重要场所应设置柴油发电机和UPS不间断电源',NULL,NULL,NULL,'01',1,11020),
    ('JC-03','02','12',NULL,NULL,'影响旅客办理登机的售票、安检、检票等用电设施应具备双电源或UPS不间断电源，建立应急预案',NULL,NULL,NULL,'01',1,11030),
    ('JC-04','02','12',NULL,NULL,'二层式、二层半式和多层式航站楼的疏散照明备用电源的连续供电时间不应小于1.0h;其他航站楼，不应小于0.5h',NULL,NULL,NULL,'01',1,11040),
    ('HC-01','02','13',NULL,NULL,'应配置双路外电源和自备应急电源',NULL,NULL,NULL,'01',1,12010),
    ('HC-02','02','13',NULL,NULL,'换乘厅或旅客公共区域内照明设计应有防止正常点亮的灯具因失电或故障而全部熄灭的措施，照明电源转换时间不应大于0.15s，灯具光源点亮的响应时间不应大于0.25s',NULL,NULL,NULL,'01',1,12020),
    ('HC-03','02','13',NULL,NULL,'应急照明自备电源持续供电时间不应少于枢纽内全员疏散至安全区用时的2倍',NULL,NULL,NULL,'01',1,12030),
    ('HC-04','02','13',NULL,NULL,'影响旅客办理乘车手续的售票、安检、检票等用电设施应具备双电源或UPS不间断电源，建立应急预案',NULL,NULL,NULL,'01',1,12040),
    ('HC-05','02','13',NULL,NULL,'运营调度通信设备、视频监视系统、数据承载网络系统应采用不间断电源(UPS)，不间断电源后备时间不宜小于2h',NULL,NULL,NULL,'01',1,12050),
    ('HC-06','02','13',NULL,NULL,'车站联锁系统应采用不间断电源，后备时间不宜小于30min，地下线路应急照明连续供电时间不应少于60min。',NULL,NULL,NULL,'01',1,12060),
    ('QY-01','02','14',NULL,NULL,'牵引供电系统、应急照明、通信、信号、消防用电设备，与防烟、排烟和事故通风有关的用电设备为一级负荷，采用双电源双回线路供电',NULL,NULL,NULL,'01',1,13010),
    ('QY-02','02','14',NULL,NULL,'各牵引变电所、牵引充电站操作电源应采用直流电源，直流操作电源电压宜采用直流110V。蓄电池组容量在其正常寿命内，应满足交流电源停电时供电2h的要求',NULL,NULL,NULL,'01',1,13020),
    ('QY-03','02','14',NULL,NULL,'牵引变电所、开闭所、分区所和自耦变压器所的所址应根据供电计算确定的分布方案进行选择，牵引变电所的所址高程宜在100年一遇的高水位或最高内涝水位之上；开闭所、分区所、自耦变压器所的所址高程宜在50年一遇的高水位或最高内涝水位之上',NULL,NULL,NULL,'01',1,13030),
    ('GB-01','02','15',NULL,NULL,'电信枢纽、卫星地面站，以及国家及省级电视台、广播电台应由双电源供电',NULL,NULL,NULL,'01',1,14010),
    ('GB-02','02','15',NULL,NULL,'省级及以上枢纽、容灾备份中心、长途通信楼、省级核心网局、互联网安全中心、互联网数据中心、计费中心、国际关口局、国际海缆登陆站应由双电源供电',NULL,NULL,NULL,'01',1,14020),
    ('GB-03','02','15',NULL,NULL,'电信枢纽、卫星地面站，以及国家及省级电视台、广播电台应配置自备应急电源，重点为通信设备、计算机系统、演播厅等供电',NULL,NULL,NULL,'01',1,14030),
    ('GB-04','02','15',NULL,NULL,'在经常发生水灾地区的通信局站，电源设备应设置在当地水位警戒线以上的机房内或采取其他防水灾措施。',NULL,NULL,NULL,'01',1,14040),
    ('FL-01','02','16',NULL,NULL,'老年养护院、儿童福利院的供电设施应满足照明和设备的需要,宜采用双回路供电。老年养护院、儿童福利院只能一路供电时,应配备自备电源',NULL,NULL,NULL,'01',1,15010),
    ('FL-02','02','16',NULL,NULL,'应严格开展负荷测算，根据用电变化及时开展增容改造',NULL,NULL,NULL,'01',1,15020),
    ('FL-03','02','16',NULL,NULL,'应指导用户检查低压配电线路和低压开关，防范线路老化、漏电和过负荷',NULL,NULL,NULL,'01',1,15030),
    ('FL-04','02','16',NULL,NULL,'外部变配电设备、线路应与建筑保持安全距离',NULL,NULL,NULL,'01',1,15040),
    ('SC-01','02','17',NULL,NULL,'大型商店建筑（建筑面积大于2万平方米）应由双电源供电，中型商店建筑（建筑面积大于5千平方米小于2万平方米）宜由双电源供电',NULL,NULL,NULL,'01',1,16010),
    ('SC-02','02','17',NULL,NULL,'用电容量超出2000kVA的商店建筑宜采用双回路10kV电源供电',NULL,NULL,NULL,'01',1,16020),
    ('SC-03','02','17',NULL,NULL,'大型商店、地下或半地下商店建筑内应急照明及疏散指示标志的备用电源应采用自备电源',NULL,NULL,NULL,'01',1,16030),
    ('SC-04','02','17',NULL,NULL,'商店建筑电子信息系统机房应配置不间断电源',NULL,NULL,NULL,'01',1,16040),
    ('TY-01','02','18',NULL,NULL,'甲级及以上等级的体育建筑（特级：举办亚运会、奥运会及世界级比赛驻场；甲级：举办全国性和单项国际比赛）应由双重电源供电，乙级、丙级体育建筑（乙级：举办地区性和全国单项比赛；丙级：举办地方性、群众性运行会）宜由两回线路电源供电，其他等级的体育建筑可采用单回线路电源；特级、甲级体育建筑的电源线路宜由不同路由引入',NULL,NULL,NULL,'01',1,17010),
    ('TY-02','02','18',NULL,NULL,'特级体育建筑应配置自备应急电源，重点保障包括主席台、贵宾室及其接待室、新闻发布厅等照明负荷，应急照明负荷，计时记分、现场影像采集及回放、升旗控制等系统及其机房用电负荷，网络机房、固定通信机房、扩声及广播机房等用电负荷，电台和电视转播设备，消防和安防用电设备等。根据允许中断供电时间选择UPS或柴油发电机组作为自备应急电源',NULL,NULL,NULL,'01',1,17020),
    ('XQ-01','02','19',NULL,NULL,'建筑高度大于54米的一类高层建筑、超高层建筑应由双电源供电',NULL,NULL,NULL,'01',1,18010),
    ('XQ-02','02','19',NULL,NULL,'建筑高度为100米或者35层以上的住宅建筑宜设柴油发电机组，重点保障消防用电负荷、应急照明、航空障碍照明、生活水泵等',NULL,NULL,NULL,'01',1,18020),
    ('XQ-03','02','19',NULL,NULL,'应退出居民负荷出线的失压（欠压）脱扣装置，确保居民负荷快速恢复',NULL,NULL,NULL,'01',1,18030),
    ('XQ-04','02','19',NULL,NULL,'应排查夏季、冬季负荷高峰是否出现过负荷情况，督促用户及时开展增容改造',NULL,NULL,NULL,'01',1,18040),
    ('FH-01','02','20',NULL,NULL,'排涝面积大于15万亩或防洪保护人口大于20万人的大中型排水泵站宜由双电源供电',NULL,NULL,NULL,'01',1,19010),
    ('FH-02','02','20',NULL,NULL,'对特别重要的大中型泵站，应设置能自动快速启动的柴油发电机组',NULL,NULL,NULL,'01',1,19020),
    ('FH-03','02','20',NULL,NULL,'采用计算机监控系统进行控制的泵站应装设交流不间断电源',NULL,NULL,NULL,'01',1,19030),
    ('FH-04','02','20',NULL,NULL,'国家及省部级指挥中心应由双电源供电',NULL,NULL,NULL,'01',1,19040),
    ('FH-05','02','20',NULL,NULL,'国家及省部级指挥中心应配置自备应急电源，重点为计算机系统供电',NULL,NULL,NULL,'01',1,19050),
    ('FH-06','02','20',NULL,NULL,'汛期来临前应对泵站电机进行启机试验',NULL,NULL,NULL,'01',1,19060),
    ('FH-07','02','20',NULL,NULL,'应督促用户加强泵站防水淹、防漏电管理。',NULL,NULL,NULL,'01',1,19070),
    ('NT-01','02','21',NULL,NULL,'灌溉面积大于5万亩的大中型排水泵站宜由双电源供电',NULL,NULL,NULL,'01',1,20010),
    ('NT-02','02','21',NULL,NULL,'用户在灌溉期启动设备前应检查水泵和电缆，防范漏电和短路',NULL,NULL,NULL,'01',1,20020),
    ('NT-03','02','21',NULL,NULL,'检查配电变压器容量是否满足灌溉高峰负荷需求，避免过载烧毁，检查线路保护装置（如熔断器、过流保护）动作值是否符合保护要求',NULL,NULL,NULL,'01',1,20030),
    ('NT-04','02','21',NULL,NULL,'清理杆塔周边树障、鸟巢、异物搭挂',NULL,NULL,NULL,'01',1,20040),
    ('NT-05','02','21',NULL,NULL,'核查客户是否自行开展井房、泵房泵机启停前积水、散热环境检查，张贴触电警示标识和联系电话。',NULL,NULL,NULL,'01',1,20050);

-- ============================================================
-- 3. 20户合成用户档案
-- 用户名称、地址、编号和容量仅用于开发演示，不对应真实客户资料。
-- 电能表资产编号按数据库存储要求连续保存，不含展示空格。
-- ============================================================
INSERT INTO CUSTOMERS
    (CONS_NO, ORG_NO, ORG_NAME, DIST_STA_ID,
     CONS_NAME, ELEC_ADDR, METER_ASSET_NO,
     DEVICE_SCENE_CODE, TRADE_CODE,
     CONTRACT_CAP, RUN_CAP, RRIO_CODE, LAST_CHECK_DATE)
VALUES
    ('061200220',NULL,'国网唐山供电公司',NULL,
     '唐山宏岳矿业有限公司','唐山市古冶区卑家店镇矿区路18号','101200781',
     '01','01',2000,1600,'01','2026-07-18'),
    ('061200345',NULL,'国网唐山供电公司',NULL,
     '唐山海裕精细化工有限公司','唐山海港经济开发区化工产业园兴港路26号','101200912',
     '02','02',1250,1000,'01','2026-07-19'),
    ('061200410',NULL,'国网冀北电力有限公司唐山市丰南区供电分公司',NULL,
     '唐山鑫海钢铁有限公司','唐山市丰南区经济开发区临港产业园','101201002',
     '01','03',8000,6300,'02','2026-01-08'),
    ('061200255',NULL,'国网唐山供电公司',NULL,
     '唐山恒泰煤业有限公司','唐山市开平区洼里镇矿业路9号','101200820',
     '01','01',3150,2500,'01','2025-12-28'),
    ('061200123',NULL,'国网冀北电力有限公司唐山市丰润区供电分公司',NULL,
     '唐山恒盛机械制造有限公司','唐山市丰润区林荫路街道装备制造园1号','101200456',
     '02','04',630,500,'03','2026-02-10'),
    ('061200521',NULL,'国网冀北电力有限公司唐山市丰南区供电分公司',NULL,
     '唐山安达物流仓储有限公司','唐山市丰南区黄各庄镇物流园北区6号','101201130',
     '03','04',400,300,'03',NULL),
    ('061200608',NULL,'国网冀北电力有限公司唐山市曹妃甸区供电分公司',NULL,
     '唐山港盛仓储有限公司','唐山市曹妃甸区综合保税区港兴大街12号','101201218',
     '02','04',1600,1280,'01','2026-04-09'),
    ('061200632',NULL,'国网唐山供电公司',NULL,
     '唐山华茂商业管理有限公司','唐山市路北区建设北路128号','101201246',
     '02','04',800,630,'03','2026-03-18'),
    ('061200675',NULL,'国网唐山供电公司',NULL,
     '唐山瑞康食品有限公司','唐山市路南区稻地镇食品产业园东区3号','101201295',
     '03','04',500,400,'03','2026-05-06'),
    ('061200711',NULL,'国网冀北电力有限公司迁安市供电分公司',NULL,
     '迁安市北方冶金材料有限公司','迁安市沙河驿镇工业园区兴业街8号','101201328',
     '01','03',5000,4000,'02','2026-01-12'),
    ('061200746',NULL,'国网冀北电力有限公司滦州市供电分公司',NULL,
     '滦州市金岭矿业有限公司','滦州市杨柳庄镇矿山工业区5号','101201367',
     '01','01',2500,2000,'01','2026-07-08'),
    ('061200788',NULL,'国网冀北电力有限公司乐亭县供电分公司',NULL,
     '乐亭县海源化工有限公司','乐亭县临港产业聚集区海滨路16号','101201405',
     '02','02',1000,800,'02','2025-07-09'),
    ('061200816',NULL,'国网冀北电力有限公司玉田县供电分公司',NULL,
     '玉田县恒丰装备制造有限公司','玉田县河北玉田经济开发区伯雍大街22号','101201439',
     '02','04',630,500,'03','2026-04-21'),
    ('061200857',NULL,'国网冀北电力有限公司遵化市供电分公司',NULL,
     '遵化市兴达建材有限公司','遵化市新店子镇建材产业园南路7号','101201482',
     '04','04',315,250,'03','2026-03-11'),
    ('061200893',NULL,'国网唐山供电公司',NULL,
     '唐山启航电子科技有限公司','唐山高新技术产业开发区火炬路66号','101201517',
     '03','04',500,360,'03','2026-06-03'),
    ('061200924',NULL,'国网冀北电力有限公司唐山市曹妃甸区供电分公司',NULL,
     '唐山滨海冷链物流有限公司','唐山市曹妃甸区装备制造园区滨海道31号','101201549',
     '02','04',1250,960,'02','2026-01-09'),
    ('061200968',NULL,'国网冀北电力有限公司唐山市丰润区供电分公司',NULL,
     '唐山新城水泥制品有限公司','唐山市丰润区任各庄镇工业园西路11号','101201586',
     '03','04',800,630,'03','2026-02-26'),
    ('061201006',NULL,'国网唐山供电公司',NULL,
     '唐山华通耐火材料有限公司','唐山市开平区越河镇耐材产业园3号','101201624',
     '02','03',1600,1250,'01','2026-04-07'),
    ('061201042',NULL,'国网冀北电力有限公司迁西县供电分公司',NULL,
     '迁西县燕山矿业有限公司','迁西县太平寨镇矿业开发区9号','101201663',
     '01','01',3150,2500,'01','2026-07-09'),
    ('061201085',NULL,'国网唐山供电公司',NULL,
     '唐山鑫港供应链有限公司','唐山海港经济开发区港前街58号','101201702',
     '03','04',630,500,'03','2026-05-19');

-- ============================================================
-- 4. 两张已完成工单
-- 第一张为煤矿一级重要用户，第二张为化工一级重要用户。
-- ============================================================
INSERT INTO WORK_ORDERS
    (WORK_ORDER_NO, CONS_NO, WORK_ORDER_STATUS_CODE,
     PRIMARY_INSPECTOR_NAME, ASSIST_INSPECTOR_NAME,
     CREATED_AT, CHECK_END_TIME,
     CHECK_IN_TIME, CHECK_IN_LONGITUDE, CHECK_IN_LATITUDE,
     CHECK_IN_ADDRESS)
VALUES
    ('WO202607180930000220','061200220','03',
     '张工','李工',
     '2026-07-18 08:45:00','2026-07-18 11:05:00',
     '2026-07-18 09:28:00',118.448320,39.758610,
     '唐山市古冶区卑家店镇矿区路18号'),
    ('WO202607190945000345','061200345','03',
     '张工','李工',
     '2026-07-19 09:00:00','2026-07-19 11:20:00',
     '2026-07-19 09:42:00',118.866520,39.245180,
     '唐山海港经济开发区化工产业园兴港路26号');

-- ============================================================
-- 5. 检查结果，共88条
-- 两张工单均填写全部37条客户通用检查项。
-- 一级重要用户按所属行业分别增加8条煤矿、6条化工差异化检查项。
-- ============================================================
INSERT INTO CHECK_RESULTS
    (WORK_ORDER_NO, CHECK_ITEM_NO, RESULT_CODE)
SELECT
    'WO202607180930000220', CHECK_ITEM_NO, '01'
FROM CHECK_ITEMS
WHERE ITEM_TYPE_CODE = '01'
   OR (ITEM_TYPE_CODE = '02' AND TRADE_CODE = '01');

UPDATE CHECK_RESULTS
SET RESULT_CODE = '02',
    HAZARD_DESC = '配电室入口防鼠挡板高度不足，挡板与门框之间存在明显缝隙。',
    RECTIFICATION_MEASURE = (
        SELECT DEFAULT_RECTIFICATION_MEASURE
        FROM CHECK_ITEMS
        WHERE CHECK_ITEM_NO = 'GC-02-02'
    ),
    RECTIFICATION_TIME_LIMIT = (
        SELECT DEFAULT_RECTIFICATION_TIME_LIMIT
        FROM CHECK_ITEMS
        WHERE CHECK_ITEM_NO = 'GC-02-02'
    )
WHERE WORK_ORDER_NO = 'WO202607180930000220'
  AND CHECK_ITEM_NO = 'GC-02-02';

UPDATE CHECK_RESULTS
SET OCR_TEXT = '设备名称：干式变压器；型号：SCB13-1600/10；额定容量：1600kVA；额定电压：10/0.4kV；出厂编号：TS202401186'
WHERE WORK_ORDER_NO = 'WO202607180930000220'
  AND CHECK_ITEM_NO = 'GC-05-01';

UPDATE CHECK_RESULTS
SET HOTSPOT_TEMPERATURE = CASE CHECK_ITEM_NO
        WHEN 'GC-03-01' THEN 68.2
        WHEN 'GC-05-04' THEN 82.1
    END
WHERE WORK_ORDER_NO = 'WO202607180930000220'
  AND CHECK_ITEM_NO IN ('GC-03-01','GC-05-04');

INSERT INTO CHECK_RESULTS
    (WORK_ORDER_NO, CHECK_ITEM_NO, RESULT_CODE)
SELECT
    'WO202607190945000345', CHECK_ITEM_NO, '01'
FROM CHECK_ITEMS
WHERE ITEM_TYPE_CODE = '01'
   OR (ITEM_TYPE_CODE = '02' AND TRADE_CODE = '02');

UPDATE CHECK_RESULTS
SET OCR_TEXT = '设备名称：干式变压器；型号：SCB13-1250/10；额定容量：1250kVA；额定电压：10/0.4kV；出厂编号：TS202402075'
WHERE WORK_ORDER_NO = 'WO202607190945000345'
  AND CHECK_ITEM_NO = 'GC-05-01';

UPDATE CHECK_RESULTS
SET HOTSPOT_TEMPERATURE = CASE CHECK_ITEM_NO
        WHEN 'GC-03-01' THEN 66.8
        WHEN 'GC-05-04' THEN 80.6
    END
WHERE WORK_ORDER_NO = 'WO202607190945000345'
  AND CHECK_ITEM_NO IN ('GC-03-01','GC-05-04');

-- ============================================================
-- 6. 附件记录，共17条
-- 覆盖铭牌、红外热像、补充现场照片、证照、签到、三方签名和检查结果通知书。
-- ============================================================
INSERT INTO ATTACHMENTS
    (ATTACHMENT_NO, WORK_ORDER_NO, CHECK_ITEM_NO,
     FILE_TYPE_CODE, ATTACHMENT_PURPOSE_CODE,
     FILE_NAME, FILE_PATH, MIME_TYPE, CAPTURED_AT,
     SIGNER_ROLE_CODE, SIGNER_NAME)
VALUES
    ('AT-SEED-M1-NAMEPLATE','WO202607180930000220','GC-05-01','01','01',
     '干式变压器铭牌.jpg','attachments/WO202607180930000220/GC-05-01-nameplate.jpg',
     'image/jpeg','2026-07-18 09:52:00',NULL,NULL),
    ('AT-SEED-M1-OIL-IR','WO202607180930000220','GC-03-01','02','01',
     '油变压器红外热像.jpg','attachments/WO202607180930000220/GC-03-01-ir.jpg',
     'image/jpeg','2026-07-18 09:58:00',NULL,NULL),
    ('AT-SEED-M1-DRY-IR','WO202607180930000220','GC-05-04','02','01',
     '干式变压器红外热像.jpg','attachments/WO202607180930000220/GC-05-04-ir.jpg',
     'image/jpeg','2026-07-18 10:06:00',NULL,NULL),
    ('AT-SEED-M1-HAZARD','WO202607180930000220','GC-02-02','01','02',
     '防鼠挡板现场照片.jpg','attachments/WO202607180930000220/GC-02-02-site.jpg',
     'image/jpeg','2026-07-18 10:18:00',NULL,NULL),
    ('AT-SEED-M1-CHECKIN','WO202607180930000220',NULL,'01','03',
     '签到地图截图.png','attachments/WO202607180930000220/check-in.png',
     'image/png','2026-07-18 09:28:00',NULL,NULL),
    ('AT-SEED-M1-SIGN-01','WO202607180930000220',NULL,'01','04',
     '张工电子签名.png','attachments/WO202607180930000220/signature-01.png',
     'image/png','2026-07-18 11:08:00','01','张工'),
    ('AT-SEED-M1-SIGN-02','WO202607180930000220',NULL,'01','04',
     '李工电子签名.png','attachments/WO202607180930000220/signature-02.png',
     'image/png','2026-07-18 11:09:00','02','李工'),
    ('AT-SEED-M1-SIGN-03','WO202607180930000220',NULL,'01','04',
     '客户电子签名.png','attachments/WO202607180930000220/signature-03.png',
     'image/png','2026-07-18 11:10:00','03','王海峰'),
    ('AT-SEED-M1-NOTICE','WO202607180930000220',NULL,'03','06',
     '用电检查结果通知书.pdf','attachments/WO202607180930000220/notice.pdf',
     'application/pdf','2026-07-18 11:12:00',NULL,NULL),
    ('AT-SEED-C2-CERT','WO202607190945000345','HG-06','01','01',
     '危险化学品安全生产许可证.jpg',
     'attachments/WO202607190945000345/HG-06-certificate.jpg',
     'image/jpeg','2026-07-19 10:35:00',NULL,NULL),
    ('AT-SEED-C2-OIL-IR','WO202607190945000345','GC-03-01','02','01',
     '油变压器红外热像.jpg','attachments/WO202607190945000345/GC-03-01-ir.jpg',
     'image/jpeg','2026-07-19 10:02:00',NULL,NULL),
    ('AT-SEED-C2-DRY-IR','WO202607190945000345','GC-05-04','02','01',
     '干式变压器红外热像.jpg','attachments/WO202607190945000345/GC-05-04-ir.jpg',
     'image/jpeg','2026-07-19 10:12:00',NULL,NULL),
    ('AT-SEED-C2-CHECKIN','WO202607190945000345',NULL,'01','03',
     '签到地图截图.png','attachments/WO202607190945000345/check-in.png',
     'image/png','2026-07-19 09:42:00',NULL,NULL),
    ('AT-SEED-C2-SIGN-01','WO202607190945000345',NULL,'01','04',
     '张工电子签名.png','attachments/WO202607190945000345/signature-01.png',
     'image/png','2026-07-19 11:23:00','01','张工'),
    ('AT-SEED-C2-SIGN-02','WO202607190945000345',NULL,'01','04',
     '李工电子签名.png','attachments/WO202607190945000345/signature-02.png',
     'image/png','2026-07-19 11:24:00','02','李工'),
    ('AT-SEED-C2-SIGN-03','WO202607190945000345',NULL,'01','04',
     '客户电子签名.png','attachments/WO202607190945000345/signature-03.png',
     'image/png','2026-07-19 11:25:00','03','赵建国'),
    ('AT-SEED-C2-NOTICE','WO202607190945000345',NULL,'03','06',
     '用电检查结果通知书.pdf','attachments/WO202607190945000345/notice.pdf',
     'application/pdf','2026-07-19 11:28:00',NULL,NULL);

COMMIT;
